4
Suppose -5*w = 5*n + 10, -2*w - 25 = -7*w + 2*n. Suppose 0 = a - 3, 5*u - w*a - 2*a = 180. Calculate the highest common factor of u and 195.
39
Let r = 70 + -69. Let d be 54/2 - (2 + -2 + r). Calculate the greatest common factor of 26 and d.
26
Suppose 0 = 4*c - 242 - 910. What is the highest common divisor of c and 432?
144
Suppose -1141 = -193*w + 30*w. Calculate the greatest common divisor of w and 889.
7
Let i(a) = a**3 + 4*a**2 - a - 3. Let h be i(-3). Suppose h*t - 4 = 8*t. Suppose -82 = t*v - 302. Calculate the greatest common factor of 22 and v.
11
Let r(g) = 2*g**2 - 3*g + 3. Let n be r(4). Let s = 53 - 53. Let t(z) = -z**2 + z + 161. Let m be t(s). Calculate the highest common factor of m and n.
23
Let g(n) = 5*n**2 - 27*n - 39. Let z be g(9). What is the highest common factor of 574 and z?
41
Suppose -9*v + 1921 = -410. What is the greatest common factor of 14 and v?
7
Let f = 58 - 50. Calculate the highest common divisor of f and 128.
8
Let o(a) = -a**2 + 12*a - 15. Let v(w) = -2*w**2 + 24*w - 31. Let f(j) = -5*o(j) + 3*v(j). Let l be f(9). What is the greatest common divisor of l and 63?
9
Let a be (519 + (0 - 1) - -4) + -2. Suppose -5*o = -3*j + 406, -4*j - 2*o + a = 2*o. What is the greatest common divisor of 66 and j?
66
Let p(x) = 9*x**2 - 67*x + 190. Let t be p(3). Calculate the greatest common divisor of 2 and t.
2
Suppose 9*y = 52*y - 1376. Calculate the highest common factor of 40 and y.
8
Let u = -8 - -44. Let h be (8/7)/((-20)/(-70)). Suppose 8*b - u = h*b. Calculate the highest common divisor of 99 and b.
9
Suppose 28*t = 32*t - 176. Calculate the highest common divisor of 132 and t.
44
Let f(u) = 2*u**2 - 4*u + 2. Let d be f(2). Suppose 4*a - d*b = 104, b = -2*b. Calculate the greatest common factor of 104 and a.
26
Let o(q) = -11*q - 394. Let p be o(-37). Calculate the highest common factor of p and 1469.
13
Let n = 10 + 473. Calculate the greatest common factor of n and 42.
21
Let n(f) = -f**3 - 3*f**2 + 3. Let o(z) = -2*z. Let v be o(0). Suppose v = 3*t + 9. Let d be n(t). Calculate the highest common divisor of 27 and d.
3
Let l = 41 + -26. Suppose q + 2*q - 315 = 0. What is the greatest common factor of l and q?
15
Let a(t) = -404*t + 4. Let u be a(-2). Let o be (7/4)/(7/u). Calculate the highest common divisor of o and 29.
29
Let n = 3 - -38. Suppose -108 = n*y - 43*y. What is the highest common divisor of 27 and y?
27
Suppose -2*o = 5*b - 73, 2*b + 0*o + 2*o - 34 = 0. Suppose -3*y + 4*s = -82, -5*y + 129 = -0*s + s. What is the highest common divisor of b and y?
13
Let a(w) = 4*w - 2. Let h be a(-2). Let q be 4/h - 36/(-15). Suppose -593 = -q*t + 5*u, -4*u - u = -t + 299. Calculate the highest common factor of 42 and t.
42
Let n(z) = -z**2 - 12*z - 7. Let h be n(-5). Suppose -s + 77 = -35. Calculate the greatest common divisor of h and s.
28
Suppose -4*j + 7 = -5, -435 = -3*k - 2*j. Let c = k + -138. Calculate the greatest common factor of 80 and c.
5
Let u = -318 - -368. Calculate the highest common factor of u and 10.
10
Let f(p) = p**3 - 6*p**2 - 12*p - 31. Let n be f(8). Let a be 12 - (-1*1 - -2). What is the highest common factor of a and n?
1
Suppose -n - b = -11, -5*b + 1 = -5*n + 46. Calculate the greatest common divisor of 18 and n.
2
Let u be (-11)/(132/(-60)) + 9 + 2. What is the highest common factor of 34 and u?
2
Suppose -4*b - 67 + 4311 = 0. Suppose -4*w = -b - 163. Suppose -n - 2*s = -s - 77, -3*s = 4*n - w. What is the greatest common factor of 30 and n?
15
Suppose -14*y + 86*y - 504 = 0. Suppose p + 196 = 5*p. Calculate the highest common divisor of y and p.
7
Let a be 1 + (2 - 3) - 0. Suppose p - 2*o = 7, a*p + 3*p = 3*o + 18. Let c(r) = 152*r + 162. Let q be c(-1). Calculate the highest common divisor of q and p.
5
Suppose 0 = -2*l + 939 - 899. Calculate the greatest common divisor of l and 15.
5
Let d be (-6)/10 + 786/10. What is the highest common factor of 26 and d?
26
Suppose -4*f = 2*h - 42, 4*f - 5*h + 10*h - 57 = 0. Suppose -7 = -f*g + 17. What is the greatest common factor of 3 and g?
3
Let p(z) = 21*z + 23. Let o(n) = -31*n - 34. Let a(y) = 5*o(y) + 7*p(y). Let h be a(-3). Calculate the highest common divisor of 165 and h.
15
Let x(m) = -2*m**3 - 26*m**2 - 11*m - 39. Let t be x(-13). Calculate the highest common factor of 32 and t.
8
Let r = 369 - 199. What is the greatest common factor of 10 and r?
10
Suppose 41*r = 31*r - 630. Let t be -2*(r/6 + 5). Calculate the highest common divisor of 77 and t.
11
Let y(c) = c**3 - 6*c**2 + 11*c - 17. Let x be y(6). Let w = -44 + x. Calculate the highest common factor of 1 and w.
1
Let l be 1943/6 + 54/324. What is the highest common factor of 12 and l?
12
Let f(h) = h**2 - 13. Let r be f(9). Suppose 3*v - 211 = 5*t + 33, v = 5*t + r. Calculate the highest common divisor of v and 8.
8
Suppose 401 = 5*p + 61. Let z = 28 + p. Calculate the greatest common divisor of z and 12.
12
Let u(t) = -t**3 + 7*t**2 - t + 16. Let i(q) = q**2 - 7*q + 17. Let f be i(5). Let l be u(f). Let x = -14 - -23. What is the greatest common divisor of l and x?
9
Suppose 63*k - 55*k = 1920. What is the highest common divisor of k and 15?
15
Suppose 3*l - 6*l + 53 = 5*m, -2*l = 8. What is the highest common divisor of m and 104?
13
Let s = 229 + -227. What is the greatest common divisor of 1 and s?
1
Suppose 364 = 2*c - 4*v, -5*c - 3*v - 26 + 897 = 0. Calculate the greatest common factor of 16 and c.
16
Let s(g) = 5*g - 4. Suppose 6*w = 4*k + 2*w - 16, 10 = 3*k - 2*w. Let r be s(k). Calculate the greatest common divisor of 2 and r.
2
Suppose 6*t - 294 = -42. Calculate the greatest common factor of 854 and t.
14
Let s(z) = -z**3 - 5*z**2 - 4*z + 1. Let a be s(-4). Suppose g - 3 = 2*j, 0*j = j + a. What is the greatest common factor of g and 4?
1
Let i = -17 + 10. Let g = 16 + i. Suppose -230 = -g*j + 4*j. Calculate the highest common factor of j and 69.
23
Let z be (-7)/2*1*-32. What is the highest common factor of z and 32?
16
Let f = 100 - 65. Let q = 49 - f. What is the greatest common divisor of 2 and q?
2
Let r(m) = 6*m - 4. Let o be r(5). Let z be (-4)/30 + (-134246)/(-645). What is the greatest common divisor of o and z?
26
Let w be (-3000)/(-14) - 16/56. Suppose -o + w = -74. Suppose 9*d - 13*d = -o. Calculate the highest common factor of 9 and d.
9
Let f(y) = y**2 - y + 21. Let h be 5/20 - (-2)/(-8). Let k be f(h). Let m be -2 + (5 + -49)/(-1). Calculate the greatest common divisor of m and k.
21
Suppose 0 = 3*i - 19 + 103. Let a be 96/10 - i/70. Let s be (-30)/(-8)*4*6. What is the highest common factor of s and a?
10
Suppose x = -2*d + 120, -2*x + 2*d + 195 + 21 = 0. Let r(v) = -4*v - 4. Let p be r(-5). What is the highest common factor of p and x?
16
Let y(x) = -8*x**2 - 13*x + 2*x - 10 + 66*x**3 - 68*x**3. Let q be y(-5). What is the greatest common divisor of 5 and q?
5
Let a(j) = 2*j**3 - 15*j**2 + 7*j + 6. Let r be a(6). Let i be (-15)/((-62)/56 + 1). Let c be (-8)/r*3*i. What is the greatest common divisor of 7 and c?
7
Suppose -384*l + 383*l + 20 = 0. What is the highest common divisor of 320 and l?
20
Suppose -g + 4*k + 482 = -445, -2*g + 1894 = 2*k. What is the highest common divisor of g and 23?
23
Let a = 263 + -246. Suppose -4*l + 257 = -3*g, -g = 3*l + 4*g - 229. Calculate the greatest common factor of a and l.
17
Let a(o) = -7*o**2 - 147*o + 18. Let f be a(-15). What is the greatest common divisor of 60 and f?
12
Suppose -27 = 5*b - 2. Let h be -1 + 47/2 - b/10. Calculate the greatest common factor of 207 and h.
23
Suppose -5*g + 3*g + 3*f + 19 = 0, 23 = 4*g - 3*f. Suppose 0*d + 3*l = 5*d - 82, 38 = 3*d + l. Calculate the greatest common divisor of d and g.
2
Let f(t) = -6*t**3 - 3. Let c be f(-2). What is the highest common factor of 50 and c?
5
Let s be ((-32)/(-40))/((-2)/15). Let v be s/(-6) - (-153)/1. Let o = -106 + v. What is the greatest common divisor of o and 16?
16
Let j = 1039 - 1036. Let w(g) = -2*g**3 + 2*g**2 + g. Let l be w(-1). Calculate the highest common factor of j and l.
3
Suppose 0 = 19*p - p - 1008. Calculate the greatest common factor of 322 and p.
14
Let h = 115 + -5. Let y = -6 - -6. Suppose c + y*c - 11 = 0. Calculate the greatest common factor of c and h.
11
Let b be 11 - 1/(-1 - -2). Calculate the highest common 